14, -3*p + 105 = -m. Suppose 5*j + 2*v = 8*j - p, 0 = -3*j - 2*v + 36. Determine q(j).
4
Let f(g) = -g**3 - 6*g**2 - 3*g + 7. Let r(n) be the first derivative of -n**2/2 - 2*n - 18. Let k be r(4). Give f(k).
25
Let y(s) = 3*s + 11*s**2 - 8873 - 3*s**2 + 0*s**3 + 8881 + 2*s**3. Give y(-4).
-4
Let x(r) = -10 + 4*r - r - 4*r. Let k(p) = p**3 + 13*p**2 - 3*p - 19. Let g be k(-13). Suppose -5*c + g = 0, -6*l + l - 27 = 2*c. Determine x(l).
-3
Let n be 45487/(-91) + (-3)/21. Let k = 504 + n. Let j(i) = -i + 13. Let g(x) = x - 12. Let a(v) = 5*g(v) + 4*j(v). What is a(k)?
-4
Let c(y) = -232*y + 1292. Let f(j) = -42*j + 231. Let s(w) = 5*c(w) - 28*f(w). Determine s(-1).
-24
Let n(h) be the second derivative of -h**5/20 - 5*h**4/12 + 2*h**3/3 + 33*h**2/2 + 27*h - 24. Give n(-3).
3
Let r(x) = -14*x - 25. Let n be r(-2). Let t(u) = 25837*u**3 - 5*u - 5*u**2 - 6 - 25838*u**n + 1. What is t(-5)?
20
Let f(i) = i**2 - 4 + 0 + 3 - i**3. Let g(p) = -24*p + 880. Let q(k) = 16*k - 585. Let d(h) = 5*g(h) + 8*q(h). Let z be d(35). Determine f(z).
-1
Let i(c) = -28*c**3 - 2*c + 15. Let q(j) = 53*j**3 - j**2 + 4*j - 30. Let s(w) = 17*i(w) + 9*q(w). Determine s(9).
3
Let x(n) = -6*n**3 + 40*n + 2*n**2 - 70*n + 29*n + 29*n**3. Suppose 9 = -0*h - 3*h - 4*q, -5*h + 11 = -2*q. What is x(h)?
24
Let s(g) = -3*g**2 + 15*g. Let b be 2/(-6) + (-1444)/(-228). Calculate s(b).
-18
Let q = 70 + -74. Let m(l) = -10 + 23 - 16 - l**2. Give m(q).
-19
Suppose 4 = -3*r + 19, 5*k + 5*r = 75. Suppose 0 = -2*n - x + k - 6, 3*x = -n + 12. Let q(y) = 3*y - 7. Let j be q(n). Let u(h) = h. Give u(j).
-7
Let z(l) = l**3 + 38*l**2 + 3*l + 123. Let v be z(-38). Suppose 0 = v*g - 7*g. Let q(p) = -p**3 + p**2 - p - 3. Calculate q(g).
-3
Suppose 5*x - 4*p = -3*p + 12, -p = 4*x - 15. Let n(f) = -4 - 1743*f + 2*f**2 - 556*f + 2298*f. Give n(x).
11
Let p(o) = -27 + 9 - 108 - 88*o + 71*o. Calculate p(-11).
61
Suppose 0*w - i = 4*w + 50, -5*i - 55 = 5*w. Let q(v) = v**3 + 13*v**2 + 4*v + 36. Calculate q(w).
-16
Let s(c) = 6*c + 103. Suppose 22*f = 14*f + 4*f - 68. Calculate s(f).
1
Let l(w) = 2*w**2 - 6*w + 5. Let d be l(3). Let n(k) be the first derivative of -k**4/4 + 4*k**3/3 + 2*k**2 + 10*k - 30. Calculate n(d).
5
Suppose 59242*t = 59256*t + 70. Let q(g) be the second derivative of -g**5/20 - g**4/3 + 7*g**3/6 + g**2 - g. Give q(t).
-8
Suppose 0 = 5*x - 0*x + 15. Let y be (x + -4)/(0 - 1). Let t(l) = l**3 - 7*l**2 - 30 - 17 + 54. Give t(y).
7
Let u(i) be the first derivative of -i**2/2 + 10*i + 8640. Calculate u(-10).
20
Let w(s) = 3 + 5*s**2 - 4*s - s**3 + s**3 - s**3. Let c = 2295 + -2292. Determine w(c).
9
Let o(i) = -i**2 + 5*i + 6. Let k be (1 - (-34)/8) + (-20)/80. Suppose -d - 12 + 10 = 4*z, -k*d = 5*z - 20. Determine o(d).
0
Suppose -115*d - 29 = -118*d + 5*x, 5*x = -5. Let p(z) = -z**3 + 6*z**2 + 20*z - 31. Calculate p(d).
1
Let t(a) = 3*a - 5*a**3 - 6332 + 6322 + 3*a**2 - 4*a**2 - 3*a**3. Let h(y) = -5*y**3 + 2*y - 6. Let z(o) = -5*h(o) + 3*t(o). What is z(3)?
-3
Let o = -6580 - -6573. Let y(k) = -k**2 - 3*k + 17. Calculate y(o).
-11
Let k(y) = -1. Let m(d) = -5*d + 19. Let p(h) = 6*k(h) + m(h). Let b be p(4). Let a(t) = 0*t + 205 + t - 100 - 102. What is a(b)?
-4
Suppose 3*p - 14 = -h, p - 1 - 5 = -h. Let k = -88 + 270. Let b(z) = z - 362 + k + 179. What is b(p)?
3
Let g(i) = -i**2 - 41*i - 38. Let z be g(-12). Let x = z + -319. Let k(n) = -n**2 - 7*n + 10. Calculate k(x).
-8
Let p(y) = 23*y**2 - 1. Let j be p(-1). Let a(k) = -3*k**3 + 24*k**2 + k - 2. Let r be a(8). Suppose 4*s = -r + j. Let w(g) = g**2 - 3*g - 5. Give w(s).
-1
Let n be 27/18*20/6. Suppose 2*h - n*h + 15 = 0. Let a(b) = 11*b**2 + 9 - 2*b - 10*b**2 - h*b. Give a(6).
3
Let w(m) be the third derivative of m**4/12 + 5*m**3/3 - m**2. Let c(o) = 27*o + 7 - 64*o - 3 + 36*o. Let z be c(14). Determine w(z).
-10
Let c = -5 + 2. Let w(p) be the first derivative of 1/2*p**2 + 1/3*p**3 + 48 + 0*p. What is w(c)?
6
Let x(o) = 4*o - 3*o + 8*o**2 - 3 - 13*o**2. Suppose -7 = 2*g - 3*g. Let p(v) = -9*v**2 + 2*v - 6. Let a(r) = g*x(r) - 4*p(r). Give a(4).
15
Suppose -5*l + 2 = -3*d - 7, -d = -3*l + 7. Let p(k) = k + 2*k - 7*k + l*k. What is p(4)?
-4
Let v(s) be the second derivative of s**3/6 + 3*s**2 + 15*s - 63. Let o be -3*(2 - 4/(-3)). Calculate v(o).
-4
Let m(h) be the second derivative of h**4/12 - h**3/6 - 8*h - 55. Determine m(0).
0
Let y(s) = s - 9. Suppose -1291*r + 1298*r + 14 = 0. Give y(r).
-11
Let p = 299 - 269. Suppose 5*k - 3*t + 5*t = p, -t + 17 = 3*k. Let l(y) = -4*y + 10. Determine l(k).
-6
Let k(u) = -u**2 + 6*u + 2. Let s = 49 - 46. Let p be ((-204)/(-10))/s + (-28)/(-140). Determine k(p).
-5
Let i(w) = -8*w**2 - 179*w - 476. Let n be i(-3). Let p(a) = a**2 + 15*a + 32. What is p(n)?
-12
Let q(p) = -3*p + 24. Let k(b) = 32*b + 424. Let s be k(-13). What is q(s)?
0
Let b(k) = -126*k - 7197. Let s(w) = -25*w - 1500. Let y(i) = 5*b(i) - 24*s(i). Calculate y(-4).
135
Let j(y) be the second derivative of -y**5/20 + 2*y**4/3 - 5*y**3/2 + 11*y**2/2 + 9*y + 115. What is j(6)?
-7
Let n(p) = -8071 - 8275 - 6*p + 16345. Suppose -r = 2*c + 2, 0 + 5 = -5*c + 5*r. Give n(c).
5
Let m(s) = s**3 - 3*s**2 - 4*s + 8. Let l(p) = p**3 - 3*p**2 - 5*p + 7. Let f(k) = -4*l(k) + 3*m(k). Let d = 341 + -70. Let u = 276 - d. Give f(u).
-14
Let c(t) be the second derivative of t**7/2520 + t**6/60 + 17*t**5/120 + t**4/6 - 40*t**2 - 2*t - 4. Let d(u) be the third derivative of c(u). What is d(-12)?
17
Let g(m) = 9*m + 22. Let w = -4363 - -4360. What is g(w)?
-5
Let v be 5*(-17)/(-34)*(4 - 2). Let q(w) = -10*w**2 + 5*w - 4. Let p(l) = 3*l**2 - 2*l + 1. Let o(g) = 7*p(g) + 2*q(g). What is o(v)?
4
Let j(u) = u - 5. Let y(f) = 1. Let b(k) = j(k) + 2*y(k). Let z be (-2)/(-1) + (-20)/(-55)*88/16. What is b(z)?
1
Let c = -2 - -4. Suppose c*n + 4 = -0, 24 = 4*y + 2*n. Let z(v) = -v**2 + 2*v. Let b(j) = -5*j**2 + 4*j + 10. Let a(q) = -b(q) + 6*z(q). What is a(y)?
-3
Let a(f) be the first derivative of -f**4/4 - f**3 + f**2/2 + 4*f + 2. Let x be 4 - (3 - 4 - -6). Let o be 11*x/3 - 40/(-60). Calculate a(o).
1
Let b(f) = 8*f - 18. Let m be b(8). Let p(v) = 18 + 13 + 14 - 4*v - m. Determine p(3).
-13
Let y be 2/(-4)*(-1 + -7). Let w(d) = 3*d**2 + 0*d**3 + d**2 - d**3 - 6*d**2 - y. Let h(m) = m**3 + 7*m**2 + 6*m - 3. Let x be h(-6). Determine w(x).
5
Let a = -93 - -93. Let z be -5 + (6 - 0) - a. Let k(j) be the first derivative of -2*j**2 - 1. Calculate k(z).
-4
Let l(a) be the first derivative of a**7/840 - a**6/60 - a**5/15 + 5*a**4/24 + a**3 + 7*a**2/2 - 60. Let h(f) be the third derivative of l(f). What is h(6)?
-43
Let v(t) be the second derivative of -t**4/12 - 13*t**3/6 + 13*t**2 + 4342*t + 1. Determine v(-15).
-4
Let p(t) = -t**2 - 37*t - 154. Let m(v) = 2*v**2 + 56*v - 261. Let j be m(-32). Give p(j).
6
Let s(q) be the first derivative of 5*q**2/2 + 30*q + 28. Let m be s(-6). Let n(r) be the second derivative of r**3/6 - 11*r**2/2 - 2*r. Calculate n(m).
-11
Let v(h) = -36*h - 104. Suppose -4*c + 77 = -4*a + 105, 2*c + 18 = 3*a. What is v(c)?
4
Let d = -3271 - -3270. Let h(t) = -39*t + 1. Calculate h(d).
40
Let j = 7730 + -7722. Let y(m) = -m - 1. Let q(r) = -2*r - 11. Let h(b) = -q(b) + 3*y(b). Determine h(j).
0
Let b(c) = 7*c + 4. Suppose -6 = 3*l - l - 5*y, -4*l - y + 10 = 0. Suppose -m - n = n - 9, 2*m + l*n - 14 = 0. Suppose m*k + 10 = -5. Give b(k).
-17
Suppose 3*r - 2*h = 18, -r + 3*h + 2 = -11. Suppose -6*l + 32 = -r. Suppose 50 - 2 = -l*y. Let z(c) = -c**2 - 9*c - 5. Give z(y).
3
Let a(z) = -z**3 + 15*z**2 - z + 11. Suppose o + 2*c - 435 = 0, -579 = 3*o + 4*c - 1884. Suppose -19*f = 10*f - o. Determine a(f).
-4
Let x(h) = 4*h + 15. Let t be (-18 + 13)*(-426)/(-5). Let a = 420 + t. What is x(a)?
-9
Let j(r) = r + 2. Let c(x) = -7*x + 108. Let q be c(14). Suppose b + 4*y - 2 = -4, 0 = 5*y + q. Calculate j(b).
8
Let t(g) = 20. Let q(j) = -j**2 + 7*j + 16. Let d(k) = q(k) + 2*t(k). Give d(-6).
-22
Let j = -197 - -40. Let r = 156 + j. Let i(k) be the first derivative of -k**2/2 - 2. What is i(r)?
1
Suppose 2*b - 41 - 11 = 4*s, -5*b + 100 = 5*s. Let t(o) = o**3 - 21*o**2 - 20*o - 51. Give t(b).
-7
Let o = 30 + -21. Suppose x - o = -3*w, -w = 3*x + w - 13. Let m(k) = 2*k**3 - 4*k**2 - k + 4. Give m(x).
19
Let w be 20/(-6)*(-9)/(-6). Let v(a) = -a**2